{"id":34,"date":"2024-09-13T03:57:38","date_gmt":"2024-09-13T01:57:38","guid":{"rendered":"https:\/\/www.waahnsinnsgestaltungen.com\/wturm\/?page_id=34"},"modified":"2025-07-16T12:19:06","modified_gmt":"2025-07-16T10:19:06","slug":"rothenburg","status":"publish","type":"page","link":"https:\/\/www.hotel-weisser-turm.de\/english\/rothenburg\/","title":{"rendered":"Rothenburg"},"content":{"rendered":"<div data-elementor-type=\"wp-page\" data-elementor-id=\"34\" class=\"elementor elementor-34\">\n\t\t\t\t<div class=\"elementor-element elementor-element-39bd71a4 e-flex e-con-boxed wpr-particle-no wpr-jarallax-no wpr-parallax-no wpr-sticky-section-no e-con e-parent\" data-id=\"39bd71a4\" data-element_type=\"container\" data-settings=\"{&quot;background_background&quot;:&quot;classic&quot;}\">\n\t\t\t\t\t<div class=\"e-con-inner\">\n\t\t\t\t<div class=\"elementor-element elementor-element-30dc441d elementor-widget elementor-widget-spacer\" data-id=\"30dc441d\" data-element_type=\"widget\" data-widget_type=\"spacer.default\">\n\t\t\t\t<div class=\"elementor-widget-container\">\n\t\t\t\t\t\t\t<div class=\"elementor-spacer\">\n\t\t\t<div class=\"elementor-spacer-inner\"><\/div>\n\t\t<\/div>\n\t\t\t\t\t\t<\/div>\n\t\t\t\t<\/div>\n\t\t\t\t\t<\/div>\n\t\t\t\t<\/div>\n\t\t<div class=\"elementor-element elementor-element-ad8aea4 e-flex e-con-boxed wpr-particle-no wpr-jarallax-no wpr-parallax-no wpr-sticky-section-no e-con e-parent\" data-id=\"ad8aea4\" data-element_type=\"container\" data-settings=\"{&quot;background_background&quot;:&quot;classic&quot;}\">\n\t\t\t\t\t<div class=\"e-con-inner\">\n\t\t\t\t<div class=\"elementor-element elementor-element-c6393b6 elementor-widget elementor-widget-spacer\" data-id=\"c6393b6\" data-element_type=\"widget\" data-widget_type=\"spacer.default\">\n\t\t\t\t<div class=\"elementor-widget-container\">\n\t\t\t\t\t\t\t<div class=\"elementor-spacer\">\n\t\t\t<div class=\"elementor-spacer-inner\"><\/div>\n\t\t<\/div>\n\t\t\t\t\t\t<\/div>\n\t\t\t\t<\/div>\n\t\t\t\t<div class=\"elementor-element elementor-element-e2e00eb elementor-widget elementor-widget-heading\" data-id=\"e2e00eb\" data-element_type=\"widget\" data-widget_type=\"heading.default\">\n\t\t\t\t<div class=\"elementor-widget-container\">\n\t\t\t\t\t<h1 class=\"elementor-heading-title elementor-size-default\">Rothenburg ob der Tauber\n<\/h1>\t\t\t\t<\/div>\n\t\t\t\t<\/div>\n\t\t\t\t\t<\/div>\n\t\t\t\t<\/div>\n\t\t<div class=\"elementor-element elementor-element-8368223 e-flex e-con-boxed wpr-particle-no wpr-jarallax-no wpr-parallax-no wpr-sticky-section-no e-con e-parent\" data-id=\"8368223\" data-element_type=\"container\" data-settings=\"{&quot;background_background&quot;:&quot;classic&quot;}\">\n\t\t\t\t\t<div class=\"e-con-inner\">\n\t\t<div class=\"elementor-element elementor-element-dfbd373 e-con-full e-flex wpr-particle-no wpr-jarallax-no wpr-parallax-no wpr-sticky-section-no e-con e-child\" data-id=\"dfbd373\" data-element_type=\"container\">\n\t\t\t\t<div class=\"elementor-element elementor-element-c2166ab elementor-widget elementor-widget-text-editor\" data-id=\"c2166ab\" data-element_type=\"widget\" data-widget_type=\"text-editor.default\">\n\t\t\t\t<div class=\"elementor-widget-container\">\n\t\t\t\t\t\t\t\t\t<p>The free imperial city of Rothenburg is world-famous for its medieval old town with its winding alleyways. The large market square and the church of St. Jakob, which houses an altar by the famous W\u00fcrzburg carver Tilman Riemenschneider, are just a few steps away. The famous Reiterlesmarkt at Christmas time is also very close by. In addition to a tour of the town or a visit to one of the many museums, a walk along the town wall, which was rebuilt after the Second World War, is also well worth a visit. The beautiful Rothenburg countryside is ideal for hiking, cycling and horse riding. In the summer months, the historical festival \u201cDer Meistertrunk\u201d, which celebrates the liberation of the town in the 30 Years' War every year at Whitsun, is particularly worth a visit.\n\nTranslated with DeepL.com (free version)<\/p>\t\t\t\t\t\t\t\t<\/div>\n\t\t\t\t<\/div>\n\t\t\t\t<\/div>\n\t\t<div class=\"elementor-element elementor-element-4e78c22 e-con-full e-flex wpr-particle-no wpr-jarallax-no wpr-parallax-no wpr-sticky-section-no e-con e-child\" data-id=\"4e78c22\" data-element_type=\"container\">\n\t\t\t\t<div class=\"elementor-element elementor-element-6b21f6c elementor-widget elementor-widget-image\" data-id=\"6b21f6c\" data-element_type=\"widget\" data-widget_type=\"image.default\">\n\t\t\t\t<div class=\"elementor-widget-container\">\n\t\t\t\t\t\t\t\t\t\t\t\t\t\t\t<img fetchpriority=\"high\" decoding=\"async\" width=\"800\" height=\"534\" src=\"https:\/\/www.hotel-weisser-turm.de\/wp-content\/uploads\/2024\/09\/IMG_3326-HDR-1-1024x683.jpg\" class=\"attachment-large size-large wp-image-141\" alt=\"\" srcset=\"https:\/\/www.hotel-weisser-turm.de\/wp-content\/uploads\/2024\/09\/IMG_3326-HDR-1-1024x683.jpg 1024w, https:\/\/www.hotel-weisser-turm.de\/wp-content\/uploads\/2024\/09\/IMG_3326-HDR-1-300x200.jpg 300w, https:\/\/www.hotel-weisser-turm.de\/wp-content\/uploads\/2024\/09\/IMG_3326-HDR-1-768x512.jpg 768w, https:\/\/www.hotel-weisser-turm.de\/wp-content\/uploads\/2024\/09\/IMG_3326-HDR-1-1536x1024.jpg 1536w, https:\/\/www.hotel-weisser-turm.de\/wp-content\/uploads\/2024\/09\/IMG_3326-HDR-1-18x12.jpg 18w, https:\/\/www.hotel-weisser-turm.de\/wp-content\/uploads\/2024\/09\/IMG_3326-HDR-1.jpg 2048w\" sizes=\"(max-width: 800px) 100vw, 800px\" \/>\t\t\t\t\t\t\t\t\t\t\t\t\t\t\t<\/div>\n\t\t\t\t<\/div>\n\t\t\t\t<\/div>\n\t\t\t\t\t<\/div>\n\t\t\t\t<\/div>\n\t\t<div class=\"elementor-element elementor-element-4667745 e-flex e-con-boxed wpr-particle-no wpr-jarallax-no wpr-parallax-no wpr-sticky-section-no e-con e-parent\" data-id=\"4667745\" data-element_type=\"container\" data-settings=\"{&quot;background_background&quot;:&quot;classic&quot;}\">\n\t\t\t\t\t<div class=\"e-con-inner\">\n\t\t\t\t<div class=\"elementor-element elementor-element-d8e5c3d elementor-widget elementor-widget-spacer\" data-id=\"d8e5c3d\" data-element_type=\"widget\" data-widget_type=\"spacer.default\">\n\t\t\t\t<div class=\"elementor-widget-container\">\n\t\t\t\t\t\t\t<div class=\"elementor-spacer\">\n\t\t\t<div class=\"elementor-spacer-inner\"><\/div>\n\t\t<\/div>\n\t\t\t\t\t\t<\/div>\n\t\t\t\t<\/div>\n\t\t\t\t\t<\/div>\n\t\t\t\t<\/div>\n\t\t<div class=\"elementor-element elementor-element-4d26a77d e-flex e-con-boxed wpr-particle-no wpr-jarallax-no wpr-parallax-no wpr-sticky-section-no e-con e-parent\" data-id=\"4d26a77d\" data-element_type=\"container\" data-settings=\"{&quot;background_background&quot;:&quot;classic&quot;}\">\n\t\t\t\t\t<div class=\"e-con-inner\">\n\t\t\t\t<div class=\"elementor-element elementor-element-27e536cf elementor-widget-divider--view-line elementor-widget elementor-widget-divider\" data-id=\"27e536cf\" data-element_type=\"widget\" data-widget_type=\"divider.default\">\n\t\t\t\t<div class=\"elementor-widget-container\">\n\t\t\t\t\t\t\t<div class=\"elementor-divider\">\n\t\t\t<span class=\"elementor-divider-separator\">\n\t\t\t\t\t\t<\/span>\n\t\t<\/div>\n\t\t\t\t\t\t<\/div>\n\t\t\t\t<\/div>\n\t\t\t\t\t<\/div>\n\t\t\t\t<\/div>\n\t\t\t\t<\/div>","protected":false},"excerpt":{"rendered":"<p>Rothenburg ob der Tauber Die freie Reichsstadt Rothenburg ist durch seine mittelalterliche Altstadt mit ihren verwinkelten Gassen weltber\u00fchmt. Der gro\u00dfe Marktplatz und die Kirche St. Jakob, in der sich ein Altar des bekannten W\u00fcrzburger Bildschnitzers&nbsp;Tilman Riemenschneider befindet sind nur ein paar Schritte entfernt. Auch der ber\u00fchmte Reiterlesmarkt zur Weihnachtszeit ist ganz in der N\u00e4he. Neben einer Stadtbesichtigung oder einem Besuch in einem der vielen Museen, ist auch der Spaziergang auf der, nach dem 2. Weltkrieg wiederaufgebauten, Stadtmauer eine Empfehlung wert. Das sch\u00f6ne Rothenburger Umland l\u00e4dt zum Wandern , Radfahren und Reiten eine. In den Sommermonaten ist vor allem das historische Festspiel \u201cDer Meistertrunk\u201d, an dem j\u00e4hrlich an Pfingsten die Befreiung der Stadt im 30 J\u00e4hrigen Krieg gefeiert wird,&nbsp; einen Besuch wert.<\/p>","protected":false},"author":1,"featured_media":0,"parent":0,"menu_order":0,"comment_status":"closed","ping_status":"closed","template":"elementor_canvas","meta":{"footnotes":""},"class_list":["post-34","page","type-page","status-publish","hentry"],"yoast_head":"<!-- This site is optimized with the Yoast SEO plugin v26.6 - https:\/\/yoast.com\/wordpress\/plugins\/seo\/ -->\n<title>Rothenburg - Hotel am wei\u00dfen Turm<\/title>\n<meta name=\"robots\" content=\"index, follow, max-snippet:-1, max-image-preview:large, max-video-preview:-1\" \/>\n<link rel=\"canonical\" href=\"https:\/\/www.hotel-weisser-turm.de\/english\/rothenburg\/\" \/>\n<meta property=\"og:locale\" content=\"en_GB\" \/>\n<meta property=\"og:type\" content=\"article\" \/>\n<meta property=\"og:title\" content=\"Rothenburg - Hotel am wei\u00dfen Turm\" \/>\n<meta property=\"og:description\" content=\"Rothenburg ob der Tauber Die freie Reichsstadt Rothenburg ist durch seine mittelalterliche Altstadt mit ihren verwinkelten Gassen weltber\u00fchmt. Der gro\u00dfe Marktplatz und die Kirche St. Jakob, in der sich ein Altar des bekannten W\u00fcrzburger Bildschnitzers&nbsp;Tilman Riemenschneider befindet sind nur ein paar Schritte entfernt. Auch der ber\u00fchmte Reiterlesmarkt zur Weihnachtszeit ist ganz in der N\u00e4he. Neben einer Stadtbesichtigung oder einem Besuch in einem der vielen Museen, ist auch der Spaziergang auf der, nach dem 2. Weltkrieg wiederaufgebauten, Stadtmauer eine Empfehlung wert. Das sch\u00f6ne Rothenburger Umland l\u00e4dt zum Wandern , Radfahren und Reiten eine. In den Sommermonaten ist vor allem das historische Festspiel \u201cDer Meistertrunk\u201d, an dem j\u00e4hrlich an Pfingsten die Befreiung der Stadt im 30 J\u00e4hrigen Krieg gefeiert wird,&nbsp; einen Besuch wert.\" \/>\n<meta property=\"og:url\" content=\"https:\/\/www.hotel-weisser-turm.de\/english\/rothenburg\/\" \/>\n<meta property=\"og:site_name\" content=\"Hotel am wei\u00dfen Turm\" \/>\n<meta property=\"article:modified_time\" content=\"2025-07-16T10:19:06+00:00\" \/>\n<meta property=\"og:image\" content=\"https:\/\/www.hotel-weisser-turm.de\/wp-content\/uploads\/2024\/09\/IMG_3326-HDR-1-1024x683.jpg\" \/>\n\t<meta property=\"og:image:width\" content=\"1024\" \/>\n\t<meta property=\"og:image:height\" content=\"683\" \/>\n\t<meta property=\"og:image:type\" content=\"image\/jpeg\" \/>\n<meta name=\"twitter:card\" content=\"summary_large_image\" \/>\n<meta name=\"twitter:label1\" content=\"Estimated reading time\" \/>\n\t<meta name=\"twitter:data1\" content=\"1 minute\" \/>\n<script type=\"application\/ld+json\" class=\"yoast-schema-graph\">{\"@context\":\"https:\/\/schema.org\",\"@graph\":[{\"@type\":\"WebPage\",\"@id\":\"https:\/\/www.hotel-weisser-turm.de\/rothenburg\/\",\"url\":\"https:\/\/www.hotel-weisser-turm.de\/rothenburg\/\",\"name\":\"Rothenburg - Hotel am wei\u00dfen Turm\",\"isPartOf\":{\"@id\":\"https:\/\/www.hotel-weisser-turm.de\/#website\"},\"primaryImageOfPage\":{\"@id\":\"https:\/\/www.hotel-weisser-turm.de\/rothenburg\/#primaryimage\"},\"image\":{\"@id\":\"https:\/\/www.hotel-weisser-turm.de\/rothenburg\/#primaryimage\"},\"thumbnailUrl\":\"https:\/\/www.hotel-weisser-turm.de\/wp-content\/uploads\/2024\/09\/IMG_3326-HDR-1-1024x683.jpg\",\"datePublished\":\"2024-09-13T01:57:38+00:00\",\"dateModified\":\"2025-07-16T10:19:06+00:00\",\"breadcrumb\":{\"@id\":\"https:\/\/www.hotel-weisser-turm.de\/rothenburg\/#breadcrumb\"},\"inLanguage\":\"en-GB\",\"potentialAction\":[{\"@type\":\"ReadAction\",\"target\":[\"https:\/\/www.hotel-weisser-turm.de\/rothenburg\/\"]}]},{\"@type\":\"ImageObject\",\"inLanguage\":\"en-GB\",\"@id\":\"https:\/\/www.hotel-weisser-turm.de\/rothenburg\/#primaryimage\",\"url\":\"https:\/\/www.hotel-weisser-turm.de\/wp-content\/uploads\/2024\/09\/IMG_3326-HDR-1-1024x683.jpg\",\"contentUrl\":\"https:\/\/www.hotel-weisser-turm.de\/wp-content\/uploads\/2024\/09\/IMG_3326-HDR-1-1024x683.jpg\"},{\"@type\":\"BreadcrumbList\",\"@id\":\"https:\/\/www.hotel-weisser-turm.de\/rothenburg\/#breadcrumb\",\"itemListElement\":[{\"@type\":\"ListItem\",\"position\":1,\"name\":\"Startseite\",\"item\":\"https:\/\/www.hotel-weisser-turm.de\/\"},{\"@type\":\"ListItem\",\"position\":2,\"name\":\"Rothenburg\"}]},{\"@type\":\"WebSite\",\"@id\":\"https:\/\/www.hotel-weisser-turm.de\/#website\",\"url\":\"https:\/\/www.hotel-weisser-turm.de\/\",\"name\":\"Hotel am wei\u00dfen Turm\",\"description\":\"\",\"publisher\":{\"@id\":\"https:\/\/www.hotel-weisser-turm.de\/#organization\"},\"potentialAction\":[{\"@type\":\"SearchAction\",\"target\":{\"@type\":\"EntryPoint\",\"urlTemplate\":\"https:\/\/www.hotel-weisser-turm.de\/?s={search_term_string}\"},\"query-input\":{\"@type\":\"PropertyValueSpecification\",\"valueRequired\":true,\"valueName\":\"search_term_string\"}}],\"inLanguage\":\"en-GB\"},{\"@type\":\"Organization\",\"@id\":\"https:\/\/www.hotel-weisser-turm.de\/#organization\",\"name\":\"Hotel am wei\u00dfen Turm\",\"url\":\"https:\/\/www.hotel-weisser-turm.de\/\",\"logo\":{\"@type\":\"ImageObject\",\"inLanguage\":\"en-GB\",\"@id\":\"https:\/\/www.hotel-weisser-turm.de\/#\/schema\/logo\/image\/\",\"url\":\"https:\/\/www.hotel-weisser-turm.de\/wp-content\/uploads\/2024\/09\/Hotel-Weisser-Turm-Rothenburg-05-06-2020.png\",\"contentUrl\":\"https:\/\/www.hotel-weisser-turm.de\/wp-content\/uploads\/2024\/09\/Hotel-Weisser-Turm-Rothenburg-05-06-2020.png\",\"width\":200,\"height\":83,\"caption\":\"Hotel am wei\u00dfen Turm\"},\"image\":{\"@id\":\"https:\/\/www.hotel-weisser-turm.de\/#\/schema\/logo\/image\/\"}}]}<\/script>\n<!-- \/ Yoast SEO plugin. -->","yoast_head_json":{"title":"Rothenburg - Hotel am wei\u00dfen Turm","robots":{"index":"index","follow":"follow","max-snippet":"max-snippet:-1","max-image-preview":"max-image-preview:large","max-video-preview":"max-video-preview:-1"},"canonical":"https:\/\/www.hotel-weisser-turm.de\/english\/rothenburg\/","og_locale":"en_GB","og_type":"article","og_title":"Rothenburg - Hotel am wei\u00dfen Turm","og_description":"Rothenburg ob der Tauber Die freie Reichsstadt Rothenburg ist durch seine mittelalterliche Altstadt mit ihren verwinkelten Gassen weltber\u00fchmt. Der gro\u00dfe Marktplatz und die Kirche St. Jakob, in der sich ein Altar des bekannten W\u00fcrzburger Bildschnitzers&nbsp;Tilman Riemenschneider befindet sind nur ein paar Schritte entfernt. Auch der ber\u00fchmte Reiterlesmarkt zur Weihnachtszeit ist ganz in der N\u00e4he. Neben einer Stadtbesichtigung oder einem Besuch in einem der vielen Museen, ist auch der Spaziergang auf der, nach dem 2. Weltkrieg wiederaufgebauten, Stadtmauer eine Empfehlung wert. Das sch\u00f6ne Rothenburger Umland l\u00e4dt zum Wandern , Radfahren und Reiten eine. In den Sommermonaten ist vor allem das historische Festspiel \u201cDer Meistertrunk\u201d, an dem j\u00e4hrlich an Pfingsten die Befreiung der Stadt im 30 J\u00e4hrigen Krieg gefeiert wird,&nbsp; einen Besuch wert.","og_url":"https:\/\/www.hotel-weisser-turm.de\/english\/rothenburg\/","og_site_name":"Hotel am wei\u00dfen Turm","article_modified_time":"2025-07-16T10:19:06+00:00","og_image":[{"width":1024,"height":683,"url":"https:\/\/www.hotel-weisser-turm.de\/wp-content\/uploads\/2024\/09\/IMG_3326-HDR-1-1024x683.jpg","type":"image\/jpeg"}],"twitter_card":"summary_large_image","twitter_misc":{"Estimated reading time":"1 minute"},"schema":{"@context":"https:\/\/schema.org","@graph":[{"@type":"WebPage","@id":"https:\/\/www.hotel-weisser-turm.de\/rothenburg\/","url":"https:\/\/www.hotel-weisser-turm.de\/rothenburg\/","name":"Rothenburg - Hotel am wei\u00dfen Turm","isPartOf":{"@id":"https:\/\/www.hotel-weisser-turm.de\/#website"},"primaryImageOfPage":{"@id":"https:\/\/www.hotel-weisser-turm.de\/rothenburg\/#primaryimage"},"image":{"@id":"https:\/\/www.hotel-weisser-turm.de\/rothenburg\/#primaryimage"},"thumbnailUrl":"https:\/\/www.hotel-weisser-turm.de\/wp-content\/uploads\/2024\/09\/IMG_3326-HDR-1-1024x683.jpg","datePublished":"2024-09-13T01:57:38+00:00","dateModified":"2025-07-16T10:19:06+00:00","breadcrumb":{"@id":"https:\/\/www.hotel-weisser-turm.de\/rothenburg\/#breadcrumb"},"inLanguage":"en-GB","potentialAction":[{"@type":"ReadAction","target":["https:\/\/www.hotel-weisser-turm.de\/rothenburg\/"]}]},{"@type":"ImageObject","inLanguage":"en-GB","@id":"https:\/\/www.hotel-weisser-turm.de\/rothenburg\/#primaryimage","url":"https:\/\/www.hotel-weisser-turm.de\/wp-content\/uploads\/2024\/09\/IMG_3326-HDR-1-1024x683.jpg","contentUrl":"https:\/\/www.hotel-weisser-turm.de\/wp-content\/uploads\/2024\/09\/IMG_3326-HDR-1-1024x683.jpg"},{"@type":"BreadcrumbList","@id":"https:\/\/www.hotel-weisser-turm.de\/rothenburg\/#breadcrumb","itemListElement":[{"@type":"ListItem","position":1,"name":"Startseite","item":"https:\/\/www.hotel-weisser-turm.de\/"},{"@type":"ListItem","position":2,"name":"Rothenburg"}]},{"@type":"WebSite","@id":"https:\/\/www.hotel-weisser-turm.de\/#website","url":"https:\/\/www.hotel-weisser-turm.de\/","name":"Hotel am wei\u00dfen Turm","description":"","publisher":{"@id":"https:\/\/www.hotel-weisser-turm.de\/#organization"},"potentialAction":[{"@type":"SearchAction","target":{"@type":"EntryPoint","urlTemplate":"https:\/\/www.hotel-weisser-turm.de\/?s={search_term_string}"},"query-input":{"@type":"PropertyValueSpecification","valueRequired":true,"valueName":"search_term_string"}}],"inLanguage":"en-GB"},{"@type":"Organization","@id":"https:\/\/www.hotel-weisser-turm.de\/#organization","name":"Hotel am wei\u00dfen Turm","url":"https:\/\/www.hotel-weisser-turm.de\/","logo":{"@type":"ImageObject","inLanguage":"en-GB","@id":"https:\/\/www.hotel-weisser-turm.de\/#\/schema\/logo\/image\/","url":"https:\/\/www.hotel-weisser-turm.de\/wp-content\/uploads\/2024\/09\/Hotel-Weisser-Turm-Rothenburg-05-06-2020.png","contentUrl":"https:\/\/www.hotel-weisser-turm.de\/wp-content\/uploads\/2024\/09\/Hotel-Weisser-Turm-Rothenburg-05-06-2020.png","width":200,"height":83,"caption":"Hotel am wei\u00dfen Turm"},"image":{"@id":"https:\/\/www.hotel-weisser-turm.de\/#\/schema\/logo\/image\/"}}]}},"_links":{"self":[{"href":"https:\/\/www.hotel-weisser-turm.de\/english\/wp-json\/wp\/v2\/pages\/34","targetHints":{"allow":["GET"]}}],"collection":[{"href":"https:\/\/www.hotel-weisser-turm.de\/english\/wp-json\/wp\/v2\/pages"}],"about":[{"href":"https:\/\/www.hotel-weisser-turm.de\/english\/wp-json\/wp\/v2\/types\/page"}],"author":[{"embeddable":true,"href":"https:\/\/www.hotel-weisser-turm.de\/english\/wp-json\/wp\/v2\/users\/1"}],"replies":[{"embeddable":true,"href":"https:\/\/www.hotel-weisser-turm.de\/english\/wp-json\/wp\/v2\/comments?post=34"}],"version-history":[{"count":0,"href":"https:\/\/www.hotel-weisser-turm.de\/english\/wp-json\/wp\/v2\/pages\/34\/revisions"}],"wp:attachment":[{"href":"https:\/\/www.hotel-weisser-turm.de\/english\/wp-json\/wp\/v2\/media?parent=34"}],"curies":[{"name":"wp","href":"https:\/\/api.w.org\/{rel}","templated":true}]}}