{"id":15,"date":"2024-09-13T03:52:08","date_gmt":"2024-09-13T01:52:08","guid":{"rendered":"https:\/\/www.waahnsinnsgestaltungen.com\/wturm\/?page_id=15"},"modified":"2024-09-14T02:36:05","modified_gmt":"2024-09-14T00:36:05","slug":"anreise-parken","status":"publish","type":"page","link":"https:\/\/www.hotel-weisser-turm.de\/english\/anreise-parken\/","title":{"rendered":"Arrival &amp; Parking"},"content":{"rendered":"<div data-elementor-type=\"wp-page\" data-elementor-id=\"15\" class=\"elementor elementor-15\">\n\t\t\t\t<div class=\"elementor-element elementor-element-7f243387 e-flex e-con-boxed wpr-particle-no wpr-jarallax-no wpr-parallax-no wpr-sticky-section-no e-con e-parent\" data-id=\"7f243387\" data-element_type=\"container\" data-settings=\"{&quot;background_background&quot;:&quot;classic&quot;}\">\n\t\t\t\t\t<div class=\"e-con-inner\">\n\t\t\t\t\t<\/div>\n\t\t\t\t<\/div>\n\t\t<div class=\"elementor-element elementor-element-731deb88 e-flex e-con-boxed wpr-particle-no wpr-jarallax-no wpr-parallax-no wpr-sticky-section-no e-con e-parent\" data-id=\"731deb88\" data-element_type=\"container\" data-settings=\"{&quot;background_background&quot;:&quot;classic&quot;}\">\n\t\t\t\t\t<div class=\"e-con-inner\">\n\t\t\t\t<div class=\"elementor-element elementor-element-4787b778 elementor-widget elementor-widget-spacer\" data-id=\"4787b778\" data-element_type=\"widget\" data-widget_type=\"spacer.default\">\n\t\t\t\t<div class=\"elementor-widget-container\">\n\t\t\t\t\t\t\t<div class=\"elementor-spacer\">\n\t\t\t<div class=\"elementor-spacer-inner\"><\/div>\n\t\t<\/div>\n\t\t\t\t\t\t<\/div>\n\t\t\t\t<\/div>\n\t\t\t\t<div class=\"elementor-element elementor-element-63eee335 elementor-widget elementor-widget-heading\" data-id=\"63eee335\" data-element_type=\"widget\" data-widget_type=\"heading.default\">\n\t\t\t\t<div class=\"elementor-widget-container\">\n\t\t\t\t\t<h1 class=\"elementor-heading-title elementor-size-default\">Arrival and parking facilities<\/h1>\t\t\t\t<\/div>\n\t\t\t\t<\/div>\n\t\t\t\t\t<\/div>\n\t\t\t\t<\/div>\n\t\t<div class=\"elementor-element elementor-element-e4ea9e3 e-flex e-con-boxed wpr-particle-no wpr-jarallax-no wpr-parallax-no wpr-sticky-section-no e-con e-parent\" data-id=\"e4ea9e3\" data-element_type=\"container\" data-settings=\"{&quot;background_background&quot;:&quot;classic&quot;}\">\n\t\t\t\t\t<div class=\"e-con-inner\">\n\t\t<div class=\"elementor-element elementor-element-89c91b2 e-con-full e-flex wpr-particle-no wpr-jarallax-no wpr-parallax-no wpr-sticky-section-no e-con e-child\" data-id=\"89c91b2\" data-element_type=\"container\">\n\t\t\t\t<div class=\"elementor-element elementor-element-8fbe343 elementor-widget elementor-widget-shortcode\" data-id=\"8fbe343\" data-element_type=\"widget\" data-widget_type=\"shortcode.default\">\n\t\t\t\t<div class=\"elementor-widget-container\">\n\t\t\t\t\t\t\t<div class=\"elementor-shortcode\">    <div class=\"exggmap-wrapper is-style-wide\" style=\"aspect-ratio:16 \/ 9\">\r\n      <div class=\"exggmap-mask\" style=\"background-color: #b7b7b7; color:#fff\">\r\n        <div class=\"exggmap-mask-content\">\r\n        <p class=\"exggmap-caption\">GDPR MAP<\/p>\r\n            <button style=\"color: #fff; background-color: #dd9933; border-color: #fff\"  id=\"exggmap-btn\">Load Map *<\/button>\r\n        <\/div>\r\n              <\/div>\r\n      <iframe\r\n        data-src=\"https:\/\/www.google.com\/maps\/embed?pb=!1m16!1m12!1m3!1d3001.163937252014!2d10.179810071503844!3d49.378316765806666!2m3!1f0!2f0!3f0!3m2!1i1024!2i768!4f13.1!2m1!1sparken!5e0!3m2!1sde!2sde!4v1591715759207!5m2!1sde!2sde\"\r\n        frameborder=\"0\"\r\n        allowfullscreen=\"\"\r\n        aria-hidden=\"false\"\r\n        tabindex=\"0\">\r\n      <\/iframe>\r\n    <\/div>\r\n    <p class=\"exampp-hints\">\r\n    * By loading the map you accept the privacy policy of Google.      <a\r\n        target=\"_blank\"\r\n        rel=\"noopener noreferrer\"\r\n        href=\"https:\/\/policies.google.com\/privacy?hl=en\">learn more<\/a>\r\n    <\/p>\r\n\t<\/div>\n\t\t\t\t\t\t<\/div>\n\t\t\t\t<\/div>\n\t\t\t\t<\/div>\n\t\t<div class=\"elementor-element elementor-element-18e804e e-con-full e-flex wpr-particle-no wpr-jarallax-no wpr-parallax-no wpr-sticky-section-no e-con e-child\" data-id=\"18e804e\" data-element_type=\"container\">\n\t\t\t\t<div class=\"elementor-element elementor-element-3f93b8d6 elementor-widget elementor-widget-heading\" data-id=\"3f93b8d6\" data-element_type=\"widget\" data-widget_type=\"heading.default\">\n\t\t\t\t<div class=\"elementor-widget-container\">\n\t\t\t\t\t<h3 class=\"elementor-heading-title elementor-size-default\">Parking<\/h3>\t\t\t\t<\/div>\n\t\t\t\t<\/div>\n\t\t\t\t<div class=\"elementor-element elementor-element-1ab50c2 elementor-widget elementor-widget-text-editor\" data-id=\"1ab50c2\" data-element_type=\"widget\" data-widget_type=\"text-editor.default\">\n\t\t\t\t<div class=\"elementor-widget-container\">\n\t\t\t\t\t\t\t\t\t<p>Upon arrival, you can park directly at the hotel in the parking lot at the Kapellenplatz.<\/p><p>The costs here are 1.70 \u20ac per hour per day. At night parking is free of charge.<\/p>\t\t\t\t\t\t\t\t<\/div>\n\t\t\t\t<\/div>\n\t\t\t\t<div class=\"elementor-element elementor-element-9005d27 elementor-widget elementor-widget-heading\" data-id=\"9005d27\" data-element_type=\"widget\" data-widget_type=\"heading.default\">\n\t\t\t\t<div class=\"elementor-widget-container\">\n\t\t\t\t\t<h3 class=\"elementor-heading-title elementor-size-default\">Large capacity parking spaces in the vicinity<\/h3>\t\t\t\t<\/div>\n\t\t\t\t<\/div>\n\t\t\t\t<div class=\"elementor-element elementor-element-ef860d8 elementor-widget elementor-widget-text-editor\" data-id=\"ef860d8\" data-element_type=\"widget\" data-widget_type=\"text-editor.default\">\n\t\t\t\t<div class=\"elementor-widget-container\">\n\t\t\t\t\t\t\t\t\t<p>The parking spaces P4 at Galgentor and P5 at Bezoldweg are a maximum of 250 metres from the hotel.<\/p><p>Here are the costs for the car\nat 1,10 \u20ac per hour and 5,50 \u20ac per day.<br \/>bei 1,10 \u20ac\/Stunde und 5,50 \u20ac\/Tag.<\/p>\t\t\t\t\t\t\t\t<\/div>\n\t\t\t\t<\/div>\n\t\t\t\t<\/div>\n\t\t\t\t\t<\/div>\n\t\t\t\t<\/div>\n\t\t<div class=\"elementor-element elementor-element-5ea7b49b e-flex e-con-boxed wpr-particle-no wpr-jarallax-no wpr-parallax-no wpr-sticky-section-no e-con e-parent\" data-id=\"5ea7b49b\" data-element_type=\"container\" data-settings=\"{&quot;background_background&quot;:&quot;classic&quot;}\">\n\t\t\t\t\t<div class=\"e-con-inner\">\n\t\t\t\t<div class=\"elementor-element elementor-element-205755b8 elementor-widget-divider--view-line elementor-widget elementor-widget-divider\" data-id=\"205755b8\" data-element_type=\"widget\" data-widget_type=\"divider.default\">\n\t\t\t\t<div class=\"elementor-widget-container\">\n\t\t\t\t\t\t\t<div class=\"elementor-divider\">\n\t\t\t<span class=\"elementor-divider-separator\">\n\t\t\t\t\t\t<\/span>\n\t\t<\/div>\n\t\t\t\t\t\t<\/div>\n\t\t\t\t<\/div>\n\t\t\t\t\t<\/div>\n\t\t\t\t<\/div>\n\t\t\t\t<\/div>","protected":false},"excerpt":{"rendered":"<p>Startseite Anreise und Parkm\u00f6glichkeiten Parkm\u00f6glichkeiten Bei der Anreise k\u00f6nnen Sie direkt am Hotel auf dem Parkplatz am Kapellenplatz parken. Die Kosten liegen hier bei 1,70 \u20ac\/Stunde am Tag. Nachts ist das Parken Kostenfrei. Gro\u00dfraumparkpl\u00e4tze in der N\u00e4he Maximal 250 Meter vom Hotel entfernt sind die Parkpl\u00e4tze P4 am Galgentor und P5 am Bezoldweg. Hier liegen die Kosten f\u00fcr den PKWbei 1,10 \u20ac\/Stunde und 5,50 \u20ac\/Tag.<\/p>","protected":false},"author":1,"featured_media":0,"parent":0,"menu_order":0,"comment_status":"closed","ping_status":"closed","template":"elementor_canvas","meta":{"footnotes":""},"class_list":["post-15","page","type-page","status-publish","hentry"],"yoast_head":"<!-- This site is optimized with the Yoast SEO plugin v26.6 - https:\/\/yoast.com\/wordpress\/plugins\/seo\/ -->\n<title>Anreise &amp; Parken - Hotel am wei\u00dfen Turm<\/title>\n<meta name=\"robots\" content=\"index, follow, max-snippet:-1, max-image-preview:large, max-video-preview:-1\" \/>\n<link rel=\"canonical\" href=\"https:\/\/www.hotel-weisser-turm.de\/english\/anreise-parken\/\" \/>\n<meta property=\"og:locale\" content=\"en_GB\" \/>\n<meta property=\"og:type\" content=\"article\" \/>\n<meta property=\"og:title\" content=\"Anreise &amp; Parken - Hotel am wei\u00dfen Turm\" \/>\n<meta property=\"og:description\" content=\"Startseite Anreise und Parkm\u00f6glichkeiten Parkm\u00f6glichkeiten Bei der Anreise k\u00f6nnen Sie direkt am Hotel auf dem Parkplatz am Kapellenplatz parken. Die Kosten liegen hier bei 1,70 \u20ac\/Stunde am Tag. Nachts ist das Parken Kostenfrei. Gro\u00dfraumparkpl\u00e4tze in der N\u00e4he Maximal 250 Meter vom Hotel entfernt sind die Parkpl\u00e4tze P4 am Galgentor und P5 am Bezoldweg. Hier liegen die Kosten f\u00fcr den PKWbei 1,10 \u20ac\/Stunde und 5,50 \u20ac\/Tag.\" \/>\n<meta property=\"og:url\" content=\"https:\/\/www.hotel-weisser-turm.de\/english\/anreise-parken\/\" \/>\n<meta property=\"og:site_name\" content=\"Hotel am wei\u00dfen Turm\" \/>\n<meta property=\"article:modified_time\" content=\"2024-09-14T00:36:05+00:00\" \/>\n<meta name=\"twitter:card\" content=\"summary_large_image\" \/>\n<script type=\"application\/ld+json\" class=\"yoast-schema-graph\">{\"@context\":\"https:\/\/schema.org\",\"@graph\":[{\"@type\":\"WebPage\",\"@id\":\"https:\/\/www.hotel-weisser-turm.de\/english\/anreise-parken\/\",\"url\":\"https:\/\/www.hotel-weisser-turm.de\/english\/anreise-parken\/\",\"name\":\"Anreise &amp; Parken - Hotel am wei\u00dfen Turm\",\"isPartOf\":{\"@id\":\"https:\/\/www.hotel-weisser-turm.de\/#website\"},\"datePublished\":\"2024-09-13T01:52:08+00:00\",\"dateModified\":\"2024-09-14T00:36:05+00:00\",\"breadcrumb\":{\"@id\":\"https:\/\/www.hotel-weisser-turm.de\/english\/anreise-parken\/#breadcrumb\"},\"inLanguage\":\"en-GB\",\"potentialAction\":[{\"@type\":\"ReadAction\",\"target\":[\"https:\/\/www.hotel-weisser-turm.de\/english\/anreise-parken\/\"]}]},{\"@type\":\"BreadcrumbList\",\"@id\":\"https:\/\/www.hotel-weisser-turm.de\/english\/anreise-parken\/#breadcrumb\",\"itemListElement\":[{\"@type\":\"ListItem\",\"position\":1,\"name\":\"Startseite\",\"item\":\"https:\/\/www.hotel-weisser-turm.de\/\"},{\"@type\":\"ListItem\",\"position\":2,\"name\":\"Anreise &amp; Parken\"}]},{\"@type\":\"WebSite\",\"@id\":\"https:\/\/www.hotel-weisser-turm.de\/#website\",\"url\":\"https:\/\/www.hotel-weisser-turm.de\/\",\"name\":\"Hotel am wei\u00dfen Turm\",\"description\":\"\",\"publisher\":{\"@id\":\"https:\/\/www.hotel-weisser-turm.de\/#organization\"},\"potentialAction\":[{\"@type\":\"SearchAction\",\"target\":{\"@type\":\"EntryPoint\",\"urlTemplate\":\"https:\/\/www.hotel-weisser-turm.de\/?s={search_term_string}\"},\"query-input\":{\"@type\":\"PropertyValueSpecification\",\"valueRequired\":true,\"valueName\":\"search_term_string\"}}],\"inLanguage\":\"en-GB\"},{\"@type\":\"Organization\",\"@id\":\"https:\/\/www.hotel-weisser-turm.de\/#organization\",\"name\":\"Hotel am wei\u00dfen Turm\",\"url\":\"https:\/\/www.hotel-weisser-turm.de\/\",\"logo\":{\"@type\":\"ImageObject\",\"inLanguage\":\"en-GB\",\"@id\":\"https:\/\/www.hotel-weisser-turm.de\/#\/schema\/logo\/image\/\",\"url\":\"https:\/\/www.hotel-weisser-turm.de\/wp-content\/uploads\/2024\/09\/Hotel-Weisser-Turm-Rothenburg-05-06-2020.png\",\"contentUrl\":\"https:\/\/www.hotel-weisser-turm.de\/wp-content\/uploads\/2024\/09\/Hotel-Weisser-Turm-Rothenburg-05-06-2020.png\",\"width\":200,\"height\":83,\"caption\":\"Hotel am wei\u00dfen Turm\"},\"image\":{\"@id\":\"https:\/\/www.hotel-weisser-turm.de\/#\/schema\/logo\/image\/\"}}]}<\/script>\n<!-- \/ Yoast SEO plugin. -->","yoast_head_json":{"title":"Anreise &amp; Parken - Hotel am wei\u00dfen Turm","robots":{"index":"index","follow":"follow","max-snippet":"max-snippet:-1","max-image-preview":"max-image-preview:large","max-video-preview":"max-video-preview:-1"},"canonical":"https:\/\/www.hotel-weisser-turm.de\/english\/anreise-parken\/","og_locale":"en_GB","og_type":"article","og_title":"Anreise &amp; Parken - Hotel am wei\u00dfen Turm","og_description":"Startseite Anreise und Parkm\u00f6glichkeiten Parkm\u00f6glichkeiten Bei der Anreise k\u00f6nnen Sie direkt am Hotel auf dem Parkplatz am Kapellenplatz parken. Die Kosten liegen hier bei 1,70 \u20ac\/Stunde am Tag. Nachts ist das Parken Kostenfrei. Gro\u00dfraumparkpl\u00e4tze in der N\u00e4he Maximal 250 Meter vom Hotel entfernt sind die Parkpl\u00e4tze P4 am Galgentor und P5 am Bezoldweg. Hier liegen die Kosten f\u00fcr den PKWbei 1,10 \u20ac\/Stunde und 5,50 \u20ac\/Tag.","og_url":"https:\/\/www.hotel-weisser-turm.de\/english\/anreise-parken\/","og_site_name":"Hotel am wei\u00dfen Turm","article_modified_time":"2024-09-14T00:36:05+00:00","twitter_card":"summary_large_image","schema":{"@context":"https:\/\/schema.org","@graph":[{"@type":"WebPage","@id":"https:\/\/www.hotel-weisser-turm.de\/english\/anreise-parken\/","url":"https:\/\/www.hotel-weisser-turm.de\/english\/anreise-parken\/","name":"Anreise &amp; Parken - Hotel am wei\u00dfen Turm","isPartOf":{"@id":"https:\/\/www.hotel-weisser-turm.de\/#website"},"datePublished":"2024-09-13T01:52:08+00:00","dateModified":"2024-09-14T00:36:05+00:00","breadcrumb":{"@id":"https:\/\/www.hotel-weisser-turm.de\/english\/anreise-parken\/#breadcrumb"},"inLanguage":"en-GB","potentialAction":[{"@type":"ReadAction","target":["https:\/\/www.hotel-weisser-turm.de\/english\/anreise-parken\/"]}]},{"@type":"BreadcrumbList","@id":"https:\/\/www.hotel-weisser-turm.de\/english\/anreise-parken\/#breadcrumb","itemListElement":[{"@type":"ListItem","position":1,"name":"Startseite","item":"https:\/\/www.hotel-weisser-turm.de\/"},{"@type":"ListItem","position":2,"name":"Anreise &amp; Parken"}]},{"@type":"WebSite","@id":"https:\/\/www.hotel-weisser-turm.de\/#website","url":"https:\/\/www.hotel-weisser-turm.de\/","name":"Hotel am wei\u00dfen Turm","description":"","publisher":{"@id":"https:\/\/www.hotel-weisser-turm.de\/#organization"},"potentialAction":[{"@type":"SearchAction","target":{"@type":"EntryPoint","urlTemplate":"https:\/\/www.hotel-weisser-turm.de\/?s={search_term_string}"},"query-input":{"@type":"PropertyValueSpecification","valueRequired":true,"valueName":"search_term_string"}}],"inLanguage":"en-GB"},{"@type":"Organization","@id":"https:\/\/www.hotel-weisser-turm.de\/#organization","name":"Hotel am wei\u00dfen Turm","url":"https:\/\/www.hotel-weisser-turm.de\/","logo":{"@type":"ImageObject","inLanguage":"en-GB","@id":"https:\/\/www.hotel-weisser-turm.de\/#\/schema\/logo\/image\/","url":"https:\/\/www.hotel-weisser-turm.de\/wp-content\/uploads\/2024\/09\/Hotel-Weisser-Turm-Rothenburg-05-06-2020.png","contentUrl":"https:\/\/www.hotel-weisser-turm.de\/wp-content\/uploads\/2024\/09\/Hotel-Weisser-Turm-Rothenburg-05-06-2020.png","width":200,"height":83,"caption":"Hotel am wei\u00dfen Turm"},"image":{"@id":"https:\/\/www.hotel-weisser-turm.de\/#\/schema\/logo\/image\/"}}]}},"_links":{"self":[{"href":"https:\/\/www.hotel-weisser-turm.de\/english\/wp-json\/wp\/v2\/pages\/15","targetHints":{"allow":["GET"]}}],"collection":[{"href":"https:\/\/www.hotel-weisser-turm.de\/english\/wp-json\/wp\/v2\/pages"}],"about":[{"href":"https:\/\/www.hotel-weisser-turm.de\/english\/wp-json\/wp\/v2\/types\/page"}],"author":[{"embeddable":true,"href":"https:\/\/www.hotel-weisser-turm.de\/english\/wp-json\/wp\/v2\/users\/1"}],"replies":[{"embeddable":true,"href":"https:\/\/www.hotel-weisser-turm.de\/english\/wp-json\/wp\/v2\/comments?post=15"}],"version-history":[{"count":0,"href":"https:\/\/www.hotel-weisser-turm.de\/english\/wp-json\/wp\/v2\/pages\/15\/revisions"}],"wp:attachment":[{"href":"https:\/\/www.hotel-weisser-turm.de\/english\/wp-json\/wp\/v2\/media?parent=15"}],"curies":[{"name":"wp","href":"https:\/\/api.w.org\/{rel}","templated":true}]}}